s the greatest common factor of 4255 and 5704?
23
Calculate the greatest common divisor of 5379 and 2112.
33
What is the highest common factor of 86021 and 143?
13
What is the greatest common factor of 46 and 10967573?
23
What is the greatest common divisor of 432375 and 1875?
375
What is the highest common divisor of 756 and 5572?
28
What is the greatest common divisor of 236364 and 192?
12
Calculate the greatest common factor of 1113 and 3021.
159
What is the greatest common divisor of 259116 and 18876?
1716
What is the greatest common factor of 31436 and 271?
271
What is the highest common factor of 26 and 14498?
2
What is the highest common factor of 128100 and 16836?
732
What is the greatest common factor of 243 and 31104?
243
Calculate the highest common divisor of 1421376 and 528.
528
What is the greatest common factor of 168492 and 228?
228
What is the highest common factor of 3431 and 36989?
47
What is the greatest common factor of 1300692 and 10272?
1284
Calculate the highest common divisor of 64262 and 69.
23
Calculate the highest common divisor of 165346 and 94.
94
What is the highest common factor of 77159 and 38?
19
Calculate the greatest common divisor of 21430 and 60.
10
Calculate the highest common divisor of 30 and 42370.
10
Calculate the greatest common factor of 1739 and 50949.
37
What is the greatest common divisor of 225648 and 7056?
144
What is the highest common divisor of 2298623 and 298?
149
What is the greatest common divisor of 1304397 and 27?
27
What is the greatest common divisor of 8 and 2113528?
8
Calculate the highest common factor of 80 and 43640.
40
What is the highest common divisor of 16 and 196136?
8
What is the highest common divisor of 435443 and 497?
71
What is the greatest common divisor of 272 and 15280?
16
What is the highest common factor of 34700 and 160?
20
Calculate the greatest common factor of 1738 and 2054.
158
Calculate the greatest common divisor of 406 and 4037873.
203
What is the greatest common factor of 4262502 and 2796?
1398
What is the highest common divisor of 2165 and 5?
5
Calculate the highest common factor of 11518 and 1118.
26
Calculate the greatest common divisor of 27373 and 155.
31
Calculate the highest common factor of 127565 and 7750.
155
Calculate the highest common divisor of 30462 and 30.
6
What is the highest common factor of 82331 and 167?
167
What is the greatest common divisor of 10 and 856430?
10
Calculate the greatest common divisor of 255 and 22695.
255
Calculate the greatest common factor of 59944 and 169672.
1016
Calculate the greatest common factor of 480 and 167840.
160
What is the greatest common factor of 17952 and 665040?
816
Calculate the greatest common divisor of 7 and 249739.
7
Calculate the greatest common factor of 992664 and 18.
18
What is the highest common divisor of 1640 and 760?
40
Calculate the highest common factor of 470 and 850.
10
Calculate the highest common factor of 47422 and 10742.
262
What is the greatest common factor of 84 and 565908?
84
Calculate the greatest common divisor of 69632 and 1360.
272
What is the greatest common divisor of 397495 and 2583?
287
Calculate the highest common divisor of 15562 and 1178.
62
What is the greatest common factor of 160 and 120480?
160
What is the highest common factor of 24100 and 7025?
25
Calculate the greatest common factor of 459 and 32079.
51
What is the greatest common divisor of 288 and 18816?
96
What is the highest common factor of 33 and 275?
11
Calculate the highest common divisor of 2750 and 296825.
25
Calculate the greatest common factor of 3339 and 8784.
9
Calculate the greatest common factor of 2958 and 136.
34
Calculate the highest common divisor of 147545 and 115.
115
Calculate the greatest common factor of 5028 and 88.
4
What is the greatest common divisor of 29298 and 969?
57
What is the greatest common divisor of 459 and 4998?
51
What is the greatest common factor of 73856 and 13271?
577
Calculate the highest common divisor of 1047 and 27.
3
What is the greatest common factor of 189 and 49167?
27
What is the highest common divisor of 572 and 106337?
11
Calculate the highest common divisor of 50324 and 381806.
1094
Calculate the highest common divisor of 17526 and 5715.
381
What is the highest common factor of 2728 and 105710?
682
What is the greatest common factor of 127500 and 102?
102
Calculate the highest common divisor of 546 and 14028.
42
What is the highest common divisor of 2345 and 78859?
67
Calculate the highest common factor of 375 and 182625.
375
Calculate the highest common divisor of 3760 and 79665.
235
Calculate the greatest common factor of 5550 and 6350.
50
What is the greatest common divisor of 186 and 371411?
31
What is the highest common divisor of 943 and 9223?
23
What is the greatest common factor of 628 and 512?
4
What is the highest common divisor of 7 and 307783?
7
Calculate the highest common factor of 1760 and 920.
40
Calculate the greatest common factor of 52 and 727428.
52
What is the highest common factor of 5176 and 34?
2
Calculate the highest common divisor of 1100 and 289300.
1100
Calculate the greatest common factor of 20842 and 17918.
34
What is the highest common factor of 18810 and 52569?
99
Calculate the greatest common divisor of 230 and 7774.
46
Calculate the highest common divisor of 220 and 1185910.
110
What is the greatest common divisor of 1843 and 2356?
19
Calculate the highest common divisor of 16102 and 1649.
97
Calculate the highest common divisor of 64827 and 513.
27
What is the greatest common factor of 12031 and 212?
53
Calculate the highest common factor of 11874 and 72.
6
Calculate the highest common divisor of 1200 and 6144.
48
What is the greatest common divisor of 2685 and 122973?
537
What is the highest common divisor of 111 and 507011?
37
What is the highest common factor of 12534 and 198?
6
What is the highest common factor of 1836 and 2278?
34
What is the greatest common divisor of 1352 and 3928?
8
Calculate the greatest common factor of 768 and 5082.
6
What is the highest common factor of 13802 and 22454?
206
What is the greatest common factor of 667151 and 155?
31
What is the highest common divisor of 44125 and 825?
25
Calculate the greatest common divisor of 1806 and 5103.
21
Calculate the greatest common factor of 112716 and 1206.
18
Calculate the greatest common divisor of 16870 and 350.
70
Calculate the highest common divisor of 214976 and 48.
16
What is the greatest common divisor of 102515 and 812?
203
What is the greatest common divisor of 1356 and 18372?
12
Calculate the highest common divisor of 484532 and 2668.
116
Calculate the highest common factor of 155 and 14477.
31
What is the greatest common divisor of 741580 and 112?
28
Calculate the greatest common factor of 17250 and 24058.
46
Calculate the greatest common factor of 184 and 8184504.
184
Calculate the highest common divisor of 9472 and 130560.
256
Calculate the highest common divisor of 28560 and 175.
35
Calculate the greatest common factor of 2455070 and 1455.
485
What is the greatest common factor of 51541 and 26467?
1393
Calculate the highest common divisor of 3866273 and 439.
439
Calculate the greatest common divisor of 16 and 664688.
16
What is the greatest common divisor of 909727 and 273?
91
Calculate the highest common divisor of 88398 and 1314.
18
Calculate the greatest common divisor of 71832 and 6648.
24
Calculate the highest common divisor of 277002 and 198.
198
Calculate the highest common divisor of 46 and 38594.
46
What is the highest common factor of 18720 and 20520?
360
Calculate the highest common factor of 162 and 1523286.
162
What is the greatest common factor of 2242 and 9558?
118
Calculate the highest common factor of 15912 and 2142.
306
Calculate the greatest common factor of 452795 and 340.
85
Calculate the greatest common divisor of 7741 and 17.
1
What is the greatest common factor of 524 and 2719036?
524
Calculate the greatest common divisor of 4862 and 8294.
286
Calculate the highest common factor of 60 and 240450.
30
Calculate the highest common factor of 192873 and 2421.
807
Calculate the highest common factor of 736 and 22471.
23
Calculate the greatest common divisor of 29958 and 138.
6
Calculate the greatest common fac